by o(0).
21
Let g = 121 + -84. Let u = 24 + -14. What is the remainder when g is divided by u?
7
Let c(w) = -3*w**3 + 33*w**2 + 5*w + 17. Calculate the remainder when c(11) is divided by 20.
12
Calculate the remainder when 31 is divided by -1 - -3 - (1 - (3 - -3)).
3
Calculate the remainder when 5 + (-4)/4*-1 is divided by 4.
2
Let g = 14 - 4. Let m(r) = -r - 3. What is the remainder when g is divided by m(-7)?
2
Suppose 6*j = -10*j + 528. What is the remainder when j is divided by 13?
7
Let v be (1*-3)/(9/(-15)). Let k = 5 - v. Suppose k*q = 4*q - 208. What is the remainder when q is divided by 18?
16
Let x = -2 - -4. Let o(c) = -c + 3*c - c - 12*c**3 + c**x. What is the remainder when 35 is divided by o(-1)?
11
Let b(t) = -t - 9. Let l be b(-7). Let o(j) = -2*j**3 - 3*j**2 - j - 2. Let z be o(l). Suppose z*q = -q + 20. Calculate the remainder when q is divided by 2.
0
Let i(a) = -3*a + 1. Let c be i(-1). Suppose 0 = 4*u + 2*l - 7*l - 23, -4*u + 28 = -c*l. Calculate the remainder when 22 is divided by u.
10
Let q(r) = -15*r + 2. Suppose -3*x + 3 = -3*h, -5 = x - 2*h - 4. Let m be q(x). Let s = m - -73. Calculate the remainder when s is divided by 11.
8
What is the remainder when 65 is divided by ((-88)/14)/(4/(-14))?
21
Suppose -3*m + 4*m + 3 = 0, -5*p = -5*m - 105. Calculate the remainder when p/(-24)*8/(-2) is divided by 1 - (4/(-1) - -2).
0
Let w(q) = q**3 - 3*q**2 + 5*q - 2. Let c be w(3). Let n = c - 8. Suppose 4*j = -n*t + 127, 3*j - 2*j - 48 = 2*t. What is the remainder when j is divided by 13?
12
Suppose 2*s = s - 25. What is the remainder when 24 is divided by 6/12 + s/(-2)?
11
Let v(a) = a**2 - 4*a. Let m be v(4). Let x be (-11 + -4)/(1 + m). Let l = x + 58. What is the remainder when l is divided by 22?
21
Suppose -5*w + 80 = 5*y, -y - 51 = -3*w - 15. Calculate the remainder when w is divided by 11/2 - (-1)/(-2).
3
Let x be 0/2 + -1 + 2. Let l(a) = -a**3 - a + 22. Calculate the remainder when l(0) is divided by (-25)/(-3) - x/3.
6
Suppose 0 = 2*g - 2*d + 12, 16 = -5*g - 4*d + 4. Let o = g + 8. Calculate the remainder when 11 is divided by o.
3
Let x(t) = -t**3 - 3*t**2 - t - 1. Let s be x(-2). Let y be 3/((-3)/(-2) + -3). Calculate the remainder when 8 is divided by (1*-3 - y)*s.
2
Let l(m) = -4*m + 8. Let q = 29 + -48. Let p = q - -30. Calculate the remainder when l(-6) is divided by p.
10
Let d = -6 + 6. Suppose d = -a + 13. What is the remainder when a is divided by 5?
3
Suppose 0 = s - 12 + 4. Suppose -5*b = -0*u - u + s, -2*u + 7 = -b. Calculate the remainder when 4 is divided by u.
1
Suppose -4 - 3 = -h. Let k = h - -7. Calculate the remainder when 27 is divided by k.
13
Let u(h) = -h**3 + 2*h**2 + 3*h + 3. Suppose 4*o + z - 48 = 4*z, -2*o = -2*z - 26. Let p = -6 + o. Calculate the remainder when 4 is divided by u(p).
1
Let l be (40/50)/(1/215). Suppose -10 = -5*y + 10, -2*c = 2*y - l. What is the remainder when c is divided by 17?
14
Let p(n) be the third derivative of n**4/6 + n**3/2 + 2*n**2. What is the remainder when p(5) is divided by 8?
7
Calculate the remainder when 87 is divided by (2/(-5))/(3/(-225)).
27
Let a = -30 - -48. Calculate the remainder when a is divided by 5.
3
Suppose 5*n + 3*o = 12, -n + 3*o = 3 + 9. Suppose -2*k + 27 = 3*g - k, n = -2*k. Calculate the remainder when g is divided by 5.
4
Suppose 0*a - a = 9. Let b = 12 + a. Calculate the remainder when 10 is divided by b.
1
Suppose -2*t - 5 = -69. Suppose 10 = 2*q, 2*k + 5*q - 17 - 18 = 0. Suppose c - 4*b = -0 - 9, b = -k*c + 60. What is the remainder when t is divided by c?
10
Let j(p) = -p**3 - 4*p**2 + 5. Let w be (-1)/(-4) + 34/(-8). Suppose -3*h + h = -6. What is the remainder when j(w) is divided by h?
2
Let a = -8 - -15. Calculate the remainder when 20 is divided by a.
6
Let g = -1 - -1. Calculate the remainder when -1 + (g + 0 - -3) is divided by ((-6)/(-12))/(3/6).
0
Let d = 97 + -66. What is the remainder when d is divided by (11/5)/((-16)/(-80))?
9
Let x(t) = 3*t**2 + 3*t + 3. Suppose -2*d + 3*z = 38, -5*d = -0*d - 4*z + 81. Let u = d - -24. What is the remainder when x(-3) is divided by u?
10
Let d(g) = g**2 + 5*g + 5. Calculate the remainder when d(-8) is divided by 16.
13
Let i(x) = x**2 - 2*x + 23. What is the remainder when i(0) is divided by 6?
5
Let i be (1/(-2))/(6/(-24)). Suppose -i*j = -a - 3, -2*j - 3*a + 0*a = -7. What is the remainder when j is divided by 1?
0
Suppose 0 = -5*y - 23 - 7. What is the remainder when -1*y/2*7 is divided by 11?
10
Let b(q) = q**3 + 5*q**2 - 6*q + 3. Suppose 36 - 6 = -5*o. Calculate the remainder when 6 is divided by b(o).
0
Suppose 0 = w - 0*m - m - 178, 4*w + 5*m - 739 = 0. Suppose 3*v - 101 = 3*j + w, 5*v + j - 488 = 0. Calculate the remainder when v is divided by 25.
22
Let h(a) = 2*a - 2. What is the remainder when 30 is divided by h(5)?
6
Suppose -5*f + 0*h = -4*h - 10, 0 = -3*h. Let x be 7/(3/f + -1). Suppose -y = 3*c + c - 14, 3*y - x = -5*c. What is the remainder when 7 is divided by c?
3
Suppose -l = 2*l + 15. Let w(q) = q**2 + 7*q + 8. Let m(v) = v + 1. Let k(d) = -6*m(d) + w(d). Calculate the remainder when k(l) is divided by 8.
6
Let p = -39 + 55. Calculate the remainder when 61 is divided by p.
13
Calculate the remainder when 5/(-5)*(-2 - 40) is divided by 11.
9
Suppose -115 = -17*h + 12*h. Calculate the remainder when h is divided by 14.
9
Suppose 41 = -5*x + 131. Suppose -38*q = -36*q - 14. Calculate the remainder when x is divided by q.
4
Let h = 1 - 6. Let m = 16 + h. Calculate the remainder when m is divided by 4.
3
Let k(g) = 1 + 0*g - 24*g**3 - 4*g**2 + 2*g + 5*g**2 - 27*g**3. Calculate the remainder when k(-1) is divided by 27.
24
Suppose v = 6 + 6. Suppose 2*u = -3*g + 5 + v, 5*u - 3*g - 95 = 0. What is the remainder when 61 is divided by u?
13
Suppose 10*j = 15*j - 295. Suppose 19 - j = -2*g. Suppose -28 = -6*q + 2*q. Calculate the remainder when g is divided by q.
6
Let b(i) = i**2 - 4*i - 2. Let g(w) = -w**2 + 3*w + 3. Let f be g(2). Let m(a) = 10*a**2 + 2*a + 1. Calculate the remainder when m(-1) is divided by b(f).
0
Let p(n) = -n**2 - 12*n - 11. Calculate the remainder when p(-8) is divided by 8.
5
Let o = 12 + -29. What is the remainder when -1*o/(2 - 1) is divided by 9?
8
Suppose 0 = 4*s - 101 - 39. Suppose 3*p + s = 2*c, 2*c - 23 = p + 18. Let h(u) = u**2 + 4*u - 4. What is the remainder when c is divided by h(-6)?
6
Let h = 123 - 60. Suppose 3 + h = 2*a. Calculate the remainder when a is divided by 12.
9
Let a(z) = -5*z + 1. Calculate the remainder when a(-4) is divided by 14.
7
Suppose 2*p + 10 = 3*g + 1, -3*p - 16 = -2*g. What is the remainder when ((-8)/p)/(6/144) is divided by 11?
10
Let n(q) = q**2 + 12. Let l be 0*1/(-4 + 3). Calculate the remainder when 22 is divided by n(l).
10
Let m = -8 + 21. Let q(i) = -i**3 - 4*i**2 - 4*i + 4. Calculate the remainder when q(-5) is divided by m.
10
Let h = -12 + 97. What is the remainder when h is divided by 22?
19
Let l(c) = -8*c + 1. What is the remainder when ((-5)/(-15))/(8/1176) is divided by l(-2)?
15
Suppose -c - c = 46. Let d = -12 - c. Calculate the remainder when d is divided by 6.
5
Let v(n) = 2*n + 23. What is the remainder when v(0) is divided by 6?
5
Let x = 6 + 132. What is the remainder when x is divided by 10?
8
Suppose 0 = -2*r + 33 - 7. Calculate the remainder when ((-162)/(-63))/(((-1)/(-14))/1) is divided by r.
10
Let x = -1 - -4. Suppose f = -f - 6, x*b - 903 = -3*f. Calculate the remainder when (-2)/6 + b/12 is divided by 9.
7
Suppose -3*q = -q - 6. Suppose 40 = 2*v - f, q*f + 0 = -6. Calculate the remainder when 73 is divided by v.
16
Suppose -2*r - r = -9. Suppose -2*t + 90 = r*t. What is the remainder when t is divided by 10?
8
Let x = -99 - -42. Let z = -85 - x. Let u = z + 39. What is the remainder when 31 is divided by u?
9
Let c = 53 - 27. Let y(a) = a**3 + 6*a**2 - 9*a - 5. Let l be y(-7). Suppose -s = -l - 0. Calculate the remainder when c is divided by s.
8
Let j(w) = w**3 - 5*w**2 + 6*w. Let p be j(4). Suppose 4*g = -p + 48. Calculate the remainder when 27 is divided by g.
7
Let l(t) = 257*t. Let r be l(-4). Let i = -716 - r. Suppose s + 3*s = i. Calculate the remainder when s is divided by 20.
18
Let t(v) = -5*v + 60. Calculate the remainder when t(0) is divided by 8.
4
Let g(f) = f - 3